82382397 composite?
False
Is 6731268157 a prime number?
False
Is 1139384569 a composite number?
False
Is 7261493167 a composite number?
False
Is 8053755631 a composite number?
False
Is 2612462141 prime?
False
Is 1452660173 composite?
False
Is 2058856067 composite?
False
Is 31143124847 prime?
True
Is 25046276699 a prime number?
False
Is 13652671841 a composite number?
False
Is 988394101 a composite number?
True
Is 2662175303 composite?
False
Is 836729339 a composite number?
True
Is 46912557106 a prime number?
False
Is 380088077 composite?
False
Is 4284532871 a composite number?
False
Is 3138267023 a composite number?
True
Is 32354648185 composite?
True
Is 5959617073 composite?
True
Is 2670333683 a composite number?
False
Is 4126629523 a prime number?
True
Is 787209809 a prime number?
False
Is 1571807177 prime?
True
Is 33419978549 composite?
True
Is 28994047 a composite number?
False
Is 3181224271 a prime number?
True
Is 1851881618 composite?
True
Is 29813015599 prime?
False
Is 997158829 a composite number?
False
Is 17548831037 composite?
True
Is 1800537377 a prime number?
False
Is 636321263 a composite number?
False
Is 11178453983 composite?
True
Is 4628589083 a composite number?
False
Is 15635439914 a prime number?
False
Is 6181029187 a prime number?
False
Is 202318807567 a composite number?
True
Is 429181280834 composite?
True
Is 1058306363 composite?
False
Is 910297819 a composite number?
True
Is 790688273 prime?
False
Is 1529207891 composite?
True
Is 53247582569 prime?
True
Is 2952321767 a composite number?
False
Is 37939676479 a composite number?
False
Is 3273972769 a composite number?
False
Is 9475503983 a composite number?
True
Is 91235484673 a prime number?
False
Is 1144462513 prime?
True
Is 1956037351 composite?
False
Is 23270363 a prime number?
True
Is 200750735 composite?
True
Is 224333438789 prime?
True
Is 31101457883 a composite number?
True
Is 1122398537 prime?
False
Is 9794959513 prime?
False
Is 5106821465 a prime number?
False
Is 521544473 composite?
False
Is 1679611321 a composite number?
True
Is 35996124322 prime?
False
Is 841440703 prime?
True
Is 55088294 composite?
True
Is 22519616401 prime?
False
Is 22086605657 composite?
False
Is 5599091117 prime?
False
Is 17636208241 a composite number?
True
Is 2382598147 composite?
False
Is 240533829145 a prime number?
False
Is 697313983 a prime number?
False
Is 335443513 composite?
True
Is 19529869591 prime?
False
Is 159999143347 a prime number?
True
Is 19319395939 a composite number?
True
Is 2864962797 composite?
True
Is 285384217 a composite number?
False
Is 30548569 prime?
False
Is 298498820713 a prime number?
False
Is 244323419 a composite number?
False
Is 33295170919 a composite number?
False
Is 726183257 a prime number?
True
Is 2477863273 a composite number?
True
Is 7172260891 a prime number?
True
Is 1020548479 composite?
True
Is 123343309 a prime number?
False
Is 2037213697 a composite number?
True
Is 1530880999 prime?
True
Is 1004926081 a composite number?
False
Is 14957442235 a composite number?
True
Is 52006075285 composite?
True
Is 54217141267 a composite number?
False
Is 263781097 composite?
False
Is 795824439 a composite number?
True
Is 10651159 composite?
False
Is 1229881729 prime?
False
Is 72791778989 composite?
False
Is 3667793869 prime?
True
Is 52550033 prime?
True
Is 597956567 composite?
True
Is 10782517219 a prime number?
True
Is 2138144777 a prime number?
True
Is 69804682247 composite?
True
Is 71176539941 composite?
True
Is 27466817441 composite?
True
Is 24963938239 a composite number?
False
Is 46075901966 a composite number?
True
Is 178877985151 prime?
True
Is 62580559246 composite?
True
Is 157653361 composite?
True
Is 3538828537 prime?
True
Is 7239403163 prime?
True
Is 8366628755 a prime number?
False
Is 3575864971 prime?
False
Is 2113704893 prime?
False
Is 36876346939 a prime number?
False
Is 1160819533 a prime number?
True
Is 592271963 a composite number?
False
Is 794571839 prime?
True
Is 814323401 a prime number?
True
Is 165040721 a prime number?
True
Is 586842793 composite?
False
Is 1061243971 prime?
True
Is 1223646013 prime?
True
Is 13473231689 a prime number?
False
Is 20078445121 composite?
True
Is 375505457 prime?
True
Is 83703219391 a prime number?
False
Is 20038425749 a composite number?
True
Is 274185073 a prime number?
False
Is 251241929 prime?
False
Is 489388381 composite?
True
Is 2133148309 composite?
True
Is 1787874211 prime?
True
Is 105574195 prime?
False
Is 31352821793 a prime number?
True
Is 4118522593 a composite number?
True
Is 35156009939 composite?
True
Is 15229525511 a prime number?
True
Is 249380350081 a composite number?
False
Is 28987519069 prime?
True
Is 923381477 a composite number?
True
Is 220143907 composite?
False
Is 1875431021 a prime number?
True
Is 1824099877 a composite number?
False
Is 11940184093 a composite number?
False
Is 892728427 composite?
False
Is 5940436031 composite?
True
Is 44483845307 a composite number?
True
Is 238232959 a prime number?
True
Is 6784646969 prime?
False
Is 9420691751 a composite number?
False
Is 2652413329 a prime number?
True
Is 4226008411 composite?
False
Is 2724771779 a prime number?
False
Is 8180690051 a composite number?
True
Is 22074988759 prime?
False
Is 7978937663 composite?
True
Is 11847055477 a prime number?
True
Is 138530136241 composite?
True
Is 4985474887 a prime number?
False
Is 77577784639 prime?
False
Is 13755767489 a prime number?
True
Is 659723783 a prime number?
False
Is 153915345505 prime?
False
Is 43680165299 prime?
True
Is 5579555341 prime?
False
Is 5390772281 a prime number?
False
Is 24142655743 prime?
True
Is 676261 a composite number?
True
Is 5988466961 composite?
False
Is 31365987 prime?
False
Is 1976414743 composite?
False
Is 249356999 composite?
False
Is 4255746599 a prime number?
False
Is 4741816217 a composite number?
False
Is 2932220461 composite?
False
Is 4495100741 prime?
True
Is 11986113523 a prime number?
True
Is 700022689 composite?
False
Is 84894167389 a prime number?
True
Is 33313236521 prime?
True
Is 706377731 a composite number?
False
Is 4910439635 a prime number?
False
Is 8502461969 a composite number?
True
Is 223622869 a prime number?
False
Is 19826968309 a composite number?
False
Is 26479148417 composite?
False
Is 1929110671 prime?
False
Is 100549401562 a composite number?
True
Is 5221893659 a composite number?
False
Is 11159840191 a composite number?
False
Is 88159961 prime?
True
Is 27369797342 composite?
True
Is 7944440191 composite?
False
Is 1342923493 a prime number?
True
Is 24241403 a prime number?
False
Is 25150444469 a prime number?
True
Is 124223179 a prime number?
False
Is 11742033227 a prime number?
False
Is 6923695367 prime?
True
Is 931295501 composite?
False
Is 2420025319 prime?
True
Is 24535988957 prime?
True
Is 747035701 prime?
True
Is 405950905015 prime?
False
Is 33902956817 composite?
False
Is 1164674111 prime?
True
Is 879234997 a composite number?
True
Is 588874873 composite?
True
Is 168355267 a prime number?
False
Is 324379921 prime?
True
Is 7352076731 composite?
True
Is 194393292479 a prime number?
True
Is 145840960883 a prime number?
False
Is 1614564671 a prime number?
False
Is 62462173 prime?
False
Is 21296505187 composite?
True
Is 6910159601 composite?
False
Is 3416809507 a prime number?
True
Is 26383915367 prime?
True
Is 106492994799 a prime number?
False
Is 920960551 composite?
True
Is 18739441489 prime?
False
Is 5225506315 prime?
False
Is 454954763 a composite number?
False
Is 1094200637 a composite number?
False
Is 613983787 prime?
False
Is 72056239261 a prime number?
True
Is 234827646569 a prime number?
True
Is 671470043 a composite number?
True
Is 9400063969 composite?
False
Is 1077153593 prime?
True
Is 508332343 a composite number?
False
Is 2813110583 prime?
True
Is 4241928241 composite?
False
Is 24576041951 a composite number?
True
Is 1442885779 composite?
False
Is 121347209 a composite number?
False
Is 1083178519 a prime number?
True
Is 72741043927 a composite number?
False
Is 116122397167 a composite number?
True
Is 3858470137 prime?
False
Is 7645669703 prime?
False
Is 9290187191 prime?
True
Is 4681684061 a prime number?
True
Is 71271791 a prime number?
False
Is 2649369713 prime?
False
Is 79552065761 prime?
False
Is 65003190